st common factor of 14 and 28588.
14
Calculate the greatest common factor of 8 and 1784.
8
What is the greatest common divisor of 16 and 5000?
8
What is the greatest common divisor of 48 and 3?
3
What is the highest common divisor of 52408 and 8?
8
Calculate the greatest common factor of 341 and 2387.
341
Calculate the highest common divisor of 351 and 19539.
117
Calculate the highest common factor of 25 and 2.
1
What is the greatest common divisor of 2907 and 9?
9
What is the highest common factor of 15 and 30?
15
What is the highest common divisor of 18 and 954?
18
What is the greatest common divisor of 98 and 1414?
14
What is the highest common factor of 728 and 1288?
56
Calculate the highest common divisor of 2100 and 3540.
60
What is the greatest common factor of 378 and 336?
42
What is the highest common divisor of 43053 and 339?
339
What is the greatest common divisor of 387 and 225?
9
Calculate the highest common divisor of 50 and 250.
50
What is the highest common factor of 182 and 126?
14
What is the greatest common divisor of 134 and 16?
2
What is the greatest common divisor of 138 and 230?
46
What is the greatest common divisor of 81 and 387?
9
Calculate the highest common divisor of 3534 and 372.
186
Calculate the greatest common divisor of 68 and 8.
4
What is the highest common factor of 336 and 4116?
84
Calculate the highest common divisor of 1870 and 187.
187
What is the highest common divisor of 28 and 1652?
28
What is the highest common divisor of 945 and 75?
15
Calculate the highest common divisor of 3706 and 34.
34
Calculate the greatest common divisor of 176 and 41008.
176
What is the highest common factor of 150 and 90?
30
What is the highest common factor of 104 and 598?
26
What is the greatest common factor of 3 and 9?
3
Calculate the greatest common factor of 1527 and 9.
3
Calculate the highest common divisor of 285 and 30.
15
Calculate the highest common divisor of 26 and 650.
26
Calculate the greatest common factor of 1358 and 8.
2
What is the greatest common factor of 1552 and 4462?
194
What is the highest common factor of 8319 and 118?
59
What is the greatest common divisor of 3808 and 896?
224
What is the highest common divisor of 72 and 972?
36
What is the greatest common divisor of 237 and 316?
79
Calculate the highest common factor of 121 and 605.
121
Calculate the greatest common factor of 696 and 312.
24
Calculate the highest common divisor of 150 and 210.
30
What is the greatest common divisor of 2599 and 23?
23
What is the highest common factor of 1562 and 355?
71
Calculate the greatest common factor of 41 and 656.
41
Calculate the greatest common factor of 40 and 1260.
20
What is the greatest common divisor of 3961 and 233?
233
What is the highest common factor of 13 and 6409?
13
What is the highest common divisor of 159 and 6466?
53
What is the greatest common factor of 30 and 24?
6
Calculate the greatest common divisor of 15 and 20880.
15
Calculate the greatest common divisor of 10 and 185.
5
What is the greatest common factor of 1079 and 325?
13
Calculate the greatest common factor of 46 and 230.
46
Calculate the highest common factor of 7224 and 378.
42
Calculate the highest common divisor of 110 and 165.
55
What is the greatest common factor of 2256 and 6?
6
What is the highest common divisor of 56 and 280?
56
Calculate the greatest common factor of 512 and 128.
128
What is the greatest common divisor of 274 and 4247?
137
What is the highest common factor of 2401 and 7?
7
Calculate the highest common divisor of 62 and 186.
62
What is the highest common divisor of 76 and 28?
4
Calculate the greatest common factor of 4095 and 7875.
315
Calculate the highest common divisor of 3 and 378.
3
What is the highest common factor of 750 and 36?
6
What is the greatest common factor of 26 and 6214?
26
What is the highest common factor of 66 and 1430?
22
What is the greatest common divisor of 6 and 138?
6
What is the greatest common factor of 144 and 1422?
18
Calculate the greatest common factor of 9 and 18.
9
Calculate the highest common factor of 63 and 18.
9
Calculate the greatest common divisor of 517 and 47.
47
Calculate the greatest common factor of 4 and 3.
1
Calculate the highest common factor of 21 and 100653.
21
Calculate the highest common factor of 91 and 21931.
91
What is the greatest common factor of 3069 and 297?
99
Calculate the highest common factor of 68 and 833.
17
Calculate the greatest common divisor of 112 and 72.
8
Calculate the greatest common divisor of 1161 and 108.
27
What is the greatest common factor of 16 and 2864?
16
Calculate the greatest common divisor of 200 and 5.
5
Calculate the highest common factor of 18 and 782.
2
What is the highest common divisor of 12461 and 221?
17
Calculate the greatest common factor of 13 and 4.
1
Calculate the highest common factor of 437 and 621.
23
What is the highest common divisor of 207 and 18?
9
Calculate the highest common factor of 1044 and 928.
116
Calculate the highest common divisor of 81 and 2349.
81
Calculate the greatest common divisor of 63 and 84.
21
Calculate the highest common divisor of 60 and 280.
20
What is the greatest common factor of 4669 and 69?
23
Calculate the highest common divisor of 16 and 2468.
4
Calculate the highest common factor of 12 and 300.
12
What is the highest common divisor of 442 and 130?
26
Calculate the highest common factor of 5770 and 20.
10
What is the highest common factor of 3 and 57?
3
Calculate the highest common factor of 5040 and 640.
80
Calculate the greatest common divisor of 187 and 119.
17
Calculate the highest common divisor of 56 and 24.
8
Calculate the highest common divisor of 10 and 58.
2
What is the greatest common factor of 266 and 494?
38
What is the greatest common factor of 306 and 714?
102
Calculate the highest common divisor of 258 and 6.
6
What is the highest common factor of 234 and 26?
26
Calculate the highest common divisor of 318 and 1802.
106
Calculate the greatest common factor of 232 and 203.
29
What is the highest common divisor of 280 and 168?
56
Calculate the greatest common factor of 21 and 1631.
7
Calculate the greatest common factor of 9 and 21411.
9
Calculate the greatest common factor of 6 and 178.
2
What is the highest common divisor of 371 and 63?
7
What is the highest common factor of 25 and 4925?
25
Calculate the highest common divisor of 141 and 329.
47
What is the greatest common factor of 2325 and 75?
75
Calculate the highest common divisor of 4 and 26.
2
Calculate the greatest common factor of 124 and 4.
4
Calculate the greatest common divisor of 90 and 3132.
18
Calculate the highest common factor of 4 and 12.
4
What is the greatest common divisor of 812 and 1537?
29
Calculate the greatest common divisor of 517 and 376.
47
Calculate the highest common factor of 468 and 1196.
52
Calculate the greatest common factor of 95 and 25.
5
What is the highest common divisor of 154 and 14?
14
Calculate the greatest common factor of 2940 and 40.
20
Calculate the greatest common divisor of 19 and 4883.
19
What is the greatest common factor of 18209 and 262?
131
What is the highest common divisor of 105 and 861?
21
What is the highest common factor of 75054 and 84?
42
What is the highest common divisor of 15 and 108?
3
Calculate the highest common factor of 58 and 4.
2
Calculate the greatest common divisor of 351 and 325.
13
Calculate the highest common factor of 369 and 72.
9
Calculate the greatest common factor of 161 and 42.
7
Calculate the greatest common divisor of 1328 and 2573.
83
Calculate the highest common factor of 1539 and 38.
19
What is the highest common divisor of 65 and 195?
65
Calculate the greatest common factor of 242 and 22.
22
What is the greatest common factor of 107 and 2889?
107
What is the greatest common factor of 79 and 18881?
79
What is the highest common factor of 45 and 1719?
9
Calculate the highest common factor of 84 and 12.
12
What is the highest common factor of 65 and 65?
65
Calculate the highest common divisor of 160 and 12.
4
Calculate the highest common factor of 6 and 28.
2
What is the greatest common divisor of 22 and 803?
11
Calculate the greatest common factor of 28304 and 348.
116
What is the greatest common divisor of 46 and 19